he prime factors of (-1)/4 - (-98)/c?
2, 3
Let a be (6/4)/((-1)/(-2)). Suppose -a*q - 1 = 2. What are the prime factors of -1*(q - 9) + 1?
11
Let u(y) = y**3 + 8*y**2 - 8*y - 5. Let x be u(-9). Let v = 20 + x. List the prime factors of v.
2, 3
Suppose 2*x + 378 = 2*d, 5*x + 3 = 8. What are the prime factors of d?
2, 5, 19
Suppose 0*u + 3*u - 42 = 0. List the prime factors of (8/u)/((-9)/(-63)).
2
Let x(m) = m**3 + 3*m**2 - 2*m - 2. Let n = -9 + 6. List the prime factors of x(n).
2
Suppose -9*y = -8*y - 3. Suppose -y*a - 16 = -4*a. What are the prime factors of a?
2
Suppose 4*m = 3*n - 26, 4*n - 3*m = 21 + 16. Let i = n + -6. List the prime factors of i.
2
Let w = 54 + -9. What are the prime factors of w?
3, 5
List the prime factors of 2/(-13) - 7689/(-39).
197
Suppose -3*s + 36 = -6*s. Suppose 0*i - 4 = v + i, 4*i - 5 = -v. Let o = v - s. What are the prime factors of o?
5
Let b(t) be the first derivative of 7*t**5/120 + t**3/3 - 1. Let d(n) be the third derivative of b(n). What are the prime factors of d(1)?
7
Let h(r) = -11*r + 5. Let c(s) = -12*s + 4. Let z(k) = 5*c(k) - 6*h(k). What are the prime factors of z(9)?
2, 11
What are the prime factors of (5/(-15))/(2/(-90))?
3, 5
Let h(k) = 4*k**3 - 1. Let a be h(1). Let l = -14 - -21. Suppose 0 = 3*f - 5*y - 21, -a*y - l = -f + 2*f. List the prime factors of f.
2
Let z be (-1)/5 - 112/(-10). Let a(s) = -3*s**2 + 7 + 4*s**2 + z*s - 17*s. List the prime factors of a(5).
2
Let a be 2 + -1 + 1 - -5. Let q = -6 - -9. Suppose b + q = -u, -4*u - a = 3*b - 0. What are the prime factors of u?
2
Let l(o) = 17*o - 3. What are the prime factors of l(4)?
5, 13
Let a(b) = -b + 1. Let d be a(0). Let k be (d + -2 + -2)*-1. Suppose -k*r + 0*r + 24 = 0. List the prime factors of r.
2
Let m = 5 + -3. Let n = 6 - m. Let q = n - -1. What are the prime factors of q?
5
Let s(u) = 2*u - 6. Let g be s(4). Let q be g - 1/((-3)/6). Let c = -2 + q. List the prime factors of c.
2
Suppose -7*d + 3*d + 16 = 0. List the prime factors of 1*2 - (-6 + d).
2
Let q(l) be the first derivative of -l**4/4 - 2*l**3 - l**2/2 + l - 3. List the prime factors of q(-6).
7
Let v = 6 - 7. List the prime factors of v*(-19 + 2 + 1).
2
Suppose -4*n - 57 = -3*v, 121 = -3*v + 8*v + 2*n. Let q = v - 17. List the prime factors of q.
2, 3
Suppose 3*p = -0 + 42. Let v = -7 + p. List the prime factors of v.
7
Let c be 2*(-3)/6*-2. What are the prime factors of -14*1/(-4)*c?
7
Let f(d) = d**3 + 11*d**2 - 2. What are the prime factors of f(-10)?
2, 7
Let o = -4 - -7. Suppose o*g = -t + 6, 6*t = 3*t - 4*g + 18. List the prime factors of t.
2, 3
Suppose 0*f = 2*f + 36. Let a = -13 - f. Suppose -21 = -2*o - a. What are the prime factors of o?
2
Let c = -86 + 183. List the prime factors of c.
97
Let p(r) = -2*r**3 - 2*r**2 + r - 1. Let t be p(-2). Let o(n) = -2*n - 1. Let l(z) = z. Let i(s) = t*l(s) + 2*o(s). What are the prime factors of i(4)?
2
Suppose -u - 8 = 2*d, 2*d + 3*u + 10 = -2. Let j(m) = -8*m - 3. Let p be j(d). What are the prime factors of (p/5)/(4/20)?
3, 7
Suppose -7*z + 6*z - f = -64, -4*z = -4*f - 264. What are the prime factors of z?
5, 13
Let l be 15/(-5) - (-6)/2. Suppose l = u - 3*u. Suppose 0 = 3*y - u*y - 18. List the prime factors of y.
2, 3
Let j(m) = -217*m**3 - 2*m**2 - 2*m - 1. List the prime factors of j(-1).
2, 3
Let n = 45 + -5. List the prime factors of n.
2, 5
Let c = -8 - -6. Let u = c - 1. List the prime factors of ((-2)/u)/(2/21).
7
Let i(v) = -v**3 + 6*v**2 + 2*v - 6. Let f be i(6). Suppose 0 = -4*t + f*t - 40. List the prime factors of t.
2, 5
Suppose -2*k + 7*k + 5 = 3*s, -10 = 5*k - 4*s. Suppose 0 = k*v + 2*v. Suppose -4*l = 4*p - 48, v = l - 4*p - 7. What are the prime factors of l?
11
Let x(v) = v**3 - v**2 - 3*v + 4. Let o be x(-4). Let k = 46 + o. Let z = k + 27. What are the prime factors of z?
3
Let o = 28 + -46. Let i = o - -40. List the prime factors of i.
2, 11
Let a be (-3)/(-1) - (-33 - 4). Let r = a + -21. List the prime factors of r.
19
Let v(a) = 12*a + 1. Suppose -o + 0*p = -p - 4, -o = 5*p + 14. List the prime factors of v(o).
13
Let m be (7/2)/(2/(-4)). Let b = m + 1. Let s = 8 + b. What are the prime factors of s?
2
Let c(z) = -9*z + 4. Let v(t) = 17*t - 7. Let s(x) = 11*c(x) + 6*v(x). List the prime factors of s(5).
17
Let t = 18 - -12. What are the prime factors of t?
2, 3, 5
Let f(w) = w + 10. Let i be f(-8). Suppose i*a = -3*a - b + 101, 2*a - b = 46. List the prime factors of a.
3, 7
Suppose -c + 3*c - 22 = 0. Suppose 3*h + 2 = 14. Suppose -h*r = -3*r - c. List the prime factors of r.
11
Let z(p) = -7*p - 8. Suppose 2*v - n - 3*n = -28, -3*v = 4*n - 8. List the prime factors of z(v).
2, 5
Suppose -4*i = 5*c - 244 - 1165, 0 = -2*i + 4*c + 672. List the prime factors of i.
2, 173
Suppose s + 18 = 4*m, -8*s + 3*s - 15 = -5*m. Suppose 0 = -4*c - 2*i - 30, 3*c = s*c + 3*i - 25. Let p = c + 18. What are the prime factors of p?
2
Suppose -f - 74 = -0*f. Let j = f - -111. What are the prime factors of j?
37
Let a be 40/6 + 3/9. Suppose 0 = -l + a - 3. What are the prime factors of l?
2
Let q be (-8)/(-6)*9/1. Let t = q + -7. What are the prime factors of t?
5
Let o be (4/5)/((-2)/(-65)). Let d = -17 + o. List the prime factors of d.
3
Suppose 4*x = -3*k - 58 + 168, -3*k = -3*x - 75. List the prime factors of k.
2, 3, 5
Let v = 386 - 136. List the prime factors of v.
2, 5
Let r be (-12)/(-20) + 92/5. List the prime factors of 2 + r - 6/2.
2, 3
Let b be (1/(-1) - -1)/2. Suppose b = 6*t - 2*t. Suppose t*r + 4*r = 16. What are the prime factors of r?
2
Let r(c) = 34*c**3 + c. Let s be r(1). Suppose 3*k + 12 = 3, -z = -3*k - s. List the prime factors of z.
2, 13
Suppose -74 = -3*f + 94. What are the prime factors of f?
2, 7
Let f be (1/2)/((-1)/(-6)). Suppose 0 = d + 3, -5*j - f*d - 2*d + 10 = 0. Suppose 0*l + 2*l - 4*t = 18, 33 = 4*l - j*t. What are the prime factors of l?
7
Let c(h) = 5 + h - 2*h - 2*h + 4*h. List the prime factors of c(-3).
2
Suppose 279 - 94 = 5*t. List the prime factors of t.
37
Let q(h) = h**2 + 6*h - 6. Let w be q(-5). Let g = 19 + w. What are the prime factors of g?
2
Suppose -b - 4*b - q = -29, 0 = 3*b - 3*q - 21. Suppose 0 = -2*u + b*u - 52. List the prime factors of u.
13
What are the prime factors of (25/15)/(-5) + (-1182)/(-9)?
131
Let l(h) be the first derivative of -12*h - 3 - 5*h**2 + 1/3*h**3. List the prime factors of l(12).
2, 3
Let g(y) = y. Let z(a) = 3*a + 6. Let s(p) = -2*g(p) + z(p). Let b be s(0). Let u = b - -7. List the prime factors of u.
13
Let b(s) = -4*s**3 - s**2 + 1. Let d be b(-1). Suppose 0*f + 120 = d*f. Suppose 3*j - f = -4*m + j, 2*j = -2. What are the prime factors of m?
2
Let k(a) = a**2 + 10*a - 31. List the prime factors of k(-16).
5, 13
Let f be 2/(-9) + (-60)/(-27). Let u = 0 + f. Suppose -u*x + 17 + 3 = 0. List the prime factors of x.
2, 5
Let l(t) be the third derivative of -t**4/24 + t**3/6 - 2*t**2. Let i be l(-1). Suppose -g - 29 = -5*q, -i*g + 16 = -6*g. What are the prime factors of q?
5
Suppose h + i + 103 = 4*h, -2*i + 82 = 2*h. What are the prime factors of h?
2, 3
Let j = 15 + -3. What are the prime factors of ((-45)/j + 3)*-8?
2, 3
What are the prime factors of 36/14*(9 - 2)?
2, 3
Let z be (2 + 1 + -3)/(-1). Suppose z = 3*t, -48 - 88 = -4*g - 3*t. What are the prime factors of g?
2, 17
What are the prime factors of 8/4 + -6 + 8 + 100?
2, 13
Let p(c) = -17*c - 71. List the prime factors of p(-16).
3, 67
Suppose 8*c = -2*n + 4*c + 114, -2*n + 3*c + 107 = 0. Let q be (4/(-5))/((-2)/5). Suppose q*d - n = -5*z, 0*z + 4*d - 65 = -5*z. List the prime factors of z.
3
List the prime factors of 962/8 - (-20)/(-16).
7, 17
Let m = 13 - 10. What are the prime factors of m*((-68)/(-12) - 2)?
11
Let r = 88 + -74. What are the prime factors of r?
2, 7
Suppose -2*v - 22 = v - 4*c, 2*v + 17 = 5*c. Let t = v - -15. Suppose -6 = -5*h + t. List the prime factors of h.
3
Let x = 7 - 4. What are the prime factors of x?
3
Suppose 3*j = 1 - 13. Let l be (-88)/(-20) - j/(-10). Suppose 0 = l*x - 20, 3*x - 13 = -h + x. List the prime factors of h.
3
Let c be ((-3 + -1)*1)/2. Let k = c + 1. Let a = 5 + k. What are the prime factors of a?
2
What are the prime factors of (-1)/2 - (-10)/4?
2
Suppose 4 = y + 2. Suppose q = y*q. List the prime factors of 0 + q/3 +